h**3/3 - 2*h**2. Suppose -3*x + 5*j + 5 = -0*x, 2*x - 4 = 4*j. Suppose x = -n + 2. Calculate r(n).
-8
Let n be (-1 - 1)*(-1)/(-2). Let h(v) be the second derivative of -v**5/20 - v**3/6 + 3*v. Calculate h(n).
2
Let s(p) be the first derivative of -p**4/12 + p**3/3 - 3*p**2/2 - 4. Let q(y) be the second derivative of s(y). Calculate q(-3).
8
Let t(a) = 7*a**2 - a - 13. Let l(b) = 10*b**2 - 2*b - 19. Let s(q) = 5*l(q) - 7*t(q). Let w = 4 + -1. Give s(w).
-4
Let t be 2 + 1 - (5 - 6)/(-1). Let k(h) = -h**3 + h**2 + 3*h - 2. Calculate k(t).
0
Let k(t) be the second derivative of -t**3/6 - 5*t**2/2 - t. What is k(-6)?
1
Let k(z) be the first derivative of -z**4 - 4*z**3/3 + z**2/2 - z - 8. Let y(u) = -11*u**3 - 12*u**2 + 3*u - 2. Let i(d) = 8*k(d) - 3*y(d). Give i(-4).
2
Suppose d = -3*p - 4, 0 = 3*p + 3*d - 3 - 3. Let l be (p/2)/((-2)/4). Let x(z) = z**3 - 6*z + 2*z + 4*z**2 + 1 + l*z. Give x(-4).
5
Let a(p) = -4*p**2 + 2*p - 1. Suppose 3*t = -t + 12, -22 = 5*j - 4*t. What is a(j)?
-21
Let w(v) = -v**3 - 7*v**2 - v - 4. Let x be w(-7). Let m(h) = -2*h - 5 + x + 5 - 8. What is m(-5)?
5
Let o(j) = -4*j**2 - j - 1. Let t be o(1). Let v(i) = -5*i + 21. Let s(b) = 3*b - 11. Let m(u) = -7*s(u) - 4*v(u). Determine m(t).
-1
Let z = -7 - -14. Suppose -p - 4*t = -7, -2*p + 3*t = -p + z. Let d(f) = 4*f**3 - 2*f**2 + 1. Calculate d(p).
-5
Let v(z) be the first derivative of z**4/4 + z**3/3 + z**2/2 - z + 30. Calculate v(-2).
-7
Suppose 20 = -4*a, h = 3*h + 3*a + 7. Let u(r) = -r**3 + 3*r**2 + 2*r - 5. Give u(h).
-13
Let q(o) = -o**2 + 3. Let g be (-3 - (-3 + -1))/1. Let p be 3 - g - (2 - -3). Give q(p).
-6
Let v be (2/(-6))/(2/(-12)). Let x = -13 + 33. Suppose x = 2*b + v*b. Let f(k) = k**3 - 6*k**2 + 4*k - 2. What is f(b)?
-7
Suppose -3*p = 16 + 14. Let d(b) = -b**2 - 11*b - 15. Calculate d(p).
-5
Suppose z + 4*z - 15 = 0. Suppose -4*t = b - 6, z*t - 3 - 11 = 4*b. Let m(c) = 0*c**3 + 4 + c**3 + 0*c**3 - 2*c**t - 3*c. What is m(3)?
4
Let k(u) = u**2 - 5*u - 4. Let h be k(5). Let s be (60/24)/((-2)/h). Let b(c) = c**3 - 6*c**2 + 4*c + 5. Give b(s).
0
Let o(t) = -2*t - 95*t**3 + 185*t**3 - 1 - 91*t**3 - t**2 + 3*t. Give o(0).
-1
Let a(z) = z**2 - 1 + z + 6*z - 3*z. Let r be 1*(-1)/(3/(-6)). Suppose 0*b - 6 = r*b. Calculate a(b).
-4
Let t(n) = -n**2 - 6*n - 3. Let z(g) = -2*g**2 - 8*g + 8. Let r be z(-5). Give t(r).
5
Let p(v) = -4*v**3 - 5*v + 0 + 4*v + 0 + 2*v**2. Calculate p(1).
-3
Suppose r = -15 + 20. Let u(a) = -a**3 - 2 + 2*a**3 + 0*a**2 - 7*a - 4*a**2. Give u(r).
-12
Let w(v) be the second derivative of v**4/8 - v**3/3 - v**2/2 + 5*v. Let d(y) be the first derivative of w(y). What is d(3)?
7
Let u(t) be the third derivative of 1/24*t**4 + t**2 + 0 - t**3 + 0*t. Let v be -1 + (2 - (-2)/(-2)). What is u(v)?
-6
Let l(s) = -s - 2. Let j = -146 - -143. What is l(j)?
1
Let k(o) = o**2 - 3*o - 7. Let u be k(5). Let r be 2 + 0/1 - -1. Let y(m) = m - 6*m**2 + m**2 - 5*m**r + 6 + 6*m**u. Determine y(5).
11
Let x(v) = -3*v + 23. Let k be x(6). Let p(h) = -h + 1. Let j(r) = -r**2 + 8*r - 4. Let u(t) = -j(t) - 2*p(t). Calculate u(k).
-3
Let g(w) = 6*w + 1. Let d(q) = -7*q - 1. Let l(m) = 5*d(m) + 6*g(m). Determine l(3).
4
Let o(w) be the third derivative of -w**6/120 - w**5/30 - w**4/12 - 4*w**2. What is o(-2)?
4
Let y(t) = 9*t**3 - 9*t**2 - 13*t + 1. Let u(z) = 5*z**3 - 5*z**2 - 7*z + 1. Let k(n) = 7*u(n) - 4*y(n). Suppose -4*l + 0*l = 8. Give k(l).
9
Let o(n) = -3*n**2 + 22 + 28 + n**3 - 49 + 4*n. Give o(3).
13
Let v(b) be the third derivative of 0 + 2/3*b**3 - 1/60*b**5 - 2*b**2 + 0*b + 1/4*b**4. Determine v(6).
4
Let a = -6 - -11. Let g(h) = -11*h**3 - 12*h**2 - 3*h - 10. Let p(k) = -6*k**2 + k - 5*k**3 - 5 - k - k. Let j(i) = -6*g(i) + 13*p(i). Give j(a).
-5
Let g = -12 - -22. Let w = 6 - g. Let u(c) = -c**2 - 4*c + 5. What is u(w)?
5
Suppose -5*l + 6 = 2*q, 6*q - 42 = q + l. Let c(o) = o - 2. Calculate c(q).
6
Let k(h) = 5*h + 7. Let a(q) = -4*q - 6. Let v(d) = 6*a(d) + 5*k(d). Calculate v(7).
6
Let r(b) be the third derivative of 2*b**2 - 1/2*b**3 + 1/24*b**4 + 0*b + 0. Let m be 1/((-28)/10 + 3). Calculate r(m).
2
Let i(d) = d**2 + 7*d + 3. Let b(v) = v. Let c be b(-7). Determine i(c).
3
Let r(n) be the first derivative of -3 + 0*n + 0*n**2 - 1/2*n**4 - 1/120*n**5 - 2/3*n**3. Let l(c) be the third derivative of r(c). Give l(-5).
-7
Let f be ((-5)/20)/(1/(-4)). Let b(j) = -2*j + 1. Let z be b(-6). Let x(k) = -4*k + z + 4*k - k**2 - 12. Calculate x(f).
0
Suppose 3*f - 42 = -4*f. Let y(r) be the second derivative of -r**5/20 + r**4/2 - r**3/3 + 5*r**2/2 + r. Give y(f).
-7
Let h(r) be the first derivative of r**3/3 + 7*r**2/2 - 14. Let p(y) = -y**3 - y**2 + y - 5. Let z be p(0). What is h(z)?
-10
Let f(a) = a**2 - a + 14. Let u be 6 + -2 - (1 + -1 + 4). Determine f(u).
14
Suppose -q - 6 + 21 = 0. Suppose -g - q = -4*g. Let r(z) = z - 5. Determine r(g).
0
Let i be 0 + -2 - -8 - 1. Suppose 11 = i*z + 1. Let p(y) = -7*y + z + 8*y - 1. Determine p(-1).
0
Let r = -21 + 23. Suppose -r*p + p = -6. Let s(v) = -v**2 + 6*v + 2. What is s(p)?
2
Let d = 2 - 2. Let l be (-2)/1 - (d - 0). Let f(a) be the first derivative of a**4/4 + 2*a**3/3 + a**2 + 3*a - 3. What is f(l)?
-1
Let p(m) = -3*m**2 + m. Suppose 6 = 4*q + 2*h, -4*h = -5*q + 8*q - 7. Determine p(q).
-2
Let a(m) = m**2 + 9*m + 2. Suppose 4*x = 3*g + 6*x + 27, 2*g + 18 = 5*x. Determine a(g).
2
Let c(n) = 2*n - 2. Suppose -4*k + 24 + 32 = -4*u, 4*k = -u + 66. Let w be 9/(-12) - (-92)/k. Calculate c(w).
8
Suppose d + 0*d = 4. Let x(v) = -2*v**3 + 2*v**2 - 4*v + 3*v + d*v - 3. Give x(2).
-5
Suppose 0*c + 4*h - 22 = -c, -2*c - 3*h = -19. Let g(m) = m**2 - m - 2. Give g(c).
0
Let p(n) = 8*n + 12. Let z be p(-2). Let x(g) = g**3 + 4*g**2 - g - 1. Calculate x(z).
3
Suppose -5*c - 13 = n - 0*n, c = -5*n + 7. Let j(m) = m**2 - 2*m**n - 1 + 3 + 2*m. Suppose 2 = q - 1. Calculate j(q).
-1
Let i(w) = 11*w. Let g(j) = -5*j. Let x(q) = -9*g(q) - 4*i(q). Let t(p) = -8*p**3 + p**2 + 2*p + 1. Let b be t(-1). Let c = -4 + b. What is x(c)?
4
Let j(q) = -q**3 + 5*q**2 + 7*q - 7. Let m = -100 + 106. Give j(m).
-1
Let i = 3 + -6. Let w = i - -5. Let b(z) = 6 - z**w + 2*z - 2*z - 5*z. What is b(-5)?
6
Let y(l) = l**3 - 6*l**2 + 4*l + 2. Suppose 6 = 5*c - q, -4*c + 8 = -5*q + q. Let s be c + (-4)/2 + 6. What is y(s)?
-3
Let r(b) = 2*b**3 - 12*b**2 + 21*b + 4. Let o(u) = u**3 - 6*u**2 + 11*u + 2. Let j(w) = -11*o(w) + 6*r(w). Suppose 5 = k - 0. What is j(k)?
2
Let h(b) = b. Let q = -25 - -30. Determine h(q).
5
Let i(y) be the first derivative of y**4/4 - 5*y**3/3 + y**2 + 5*y - 12. Suppose -3*z = 3*d + 4 - 22, 5*z = 2*d + 16. Calculate i(z).
-3
Let b(z) = -9*z**2 + 24. Let a(t) = -2*t**2 + 5. Let m(q) = 24*a(q) - 5*b(q). Calculate m(-1).
-3
Let i(x) = -2*x**2 + 2*x - 1. Let u = -160 + 162. Calculate i(u).
-5
Let z(l) = 5*l**2 - 2*l - 1. Let w = -5 + 4. Determine z(w).
6
Suppose -5*x + x = -8. Let n(d) = 3*d - d**x - 11*d + 3*d + 2. What is n(-4)?
6
Let g(d) = d**3 - 2*d**2 - 4*d + 1. Suppose 0 = 3*j - 5*c + 8 - 29, 4*c = 2*j - 16. Suppose -q = y - 4, j*y - 5*q = -y + 4. Calculate g(y).
-2
Let m(w) = -w. Let q(o) = o**2 - 4. Let l(v) = -2*m(v) + q(v). Let d be 4/(-18) + (-75)/27. What is l(d)?
-1
Let t be 2/(-7) - (-4)/14. Let l = -6 - -7. Suppose -l = -d - t. Let g(b) = -4*b**2 - 1. Determine g(d).
-5
Let g = 10 - 12. Let u be (-11 - -9) + (-12)/g. Suppose 4*x + u*l = 33 - 5, -l + 19 = 5*x. Let p(b) = b**2 - 6*b - 2. Determine p(x).
-11
Suppose 6 = 2*b + 2*k, -3*b + 3*k + 3 = -0*b. Let i(d) = -3*d**2 + 1 - 7*d**b + 3*d**2 + d**2 + d**3. What is i(6)?
1
Let r(p) be the third derivative of -p**5/30 + p**4/24 - p**3/3 - p**2. Suppose 4*h - 336 = -328. What is r(h)?
-8
Let z(u) = -9*u**2 - 7*u + 2. Let c(t) = -t**2 - t. Let p(f) = 4*c(f) - z(f). Let g be p(1). Let q(l) = l**2 - 5*l - 8. Calculate q(g).
-2
Suppose 3*c - 112 = 2*g, g + 62 = 5*c + 6. Let a be 4/(-6) + g/(-21). Let s(l) = l**3 - 3*l**2 + 4*l - 2. Determine s(a).
2
Let d(y) = 3*y**3 - 9*y**2 - 10*y + 9. Let a(u) = 10*u**3 - 28*u**2 - 30*u + 27. Let c(g) = -2*a(g) + 7*d(g). Give c(8).
-7
Let g(n) = 2*n**2 + 24*n - 26. Let w be g(-13). Let i(a) = -a + 27. Calculate i(w).
27
Suppose p = 3*p - 8. Let r = 9 - 7. Let i(o) = 4*o - 2*o**2 - r*o**2 + o**3 - o - 1. Give i(p).
11
Let l(m) be t